t(j) = -54*j + 620. Give t(12).
-28
Let f(h) = -h**3 + 43*h**2 - 109*h + 1084. What is f(41)?
-23
Let q(u) = u**3 + 50*u**2 + 406*u + 63. Determine q(-10).
3
Let r(c) = -2*c**2 - 91*c + 878. Determine r(8).
22
Let u(m) = -14*m**3 - 6*m**2 - 29*m - 49. Calculate u(-2).
97
Let h(x) = -4068*x - 8160. Give h(-2).
-24
Let p(s) = 19*s**2 - 16*s + 47. Calculate p(5).
442
Let o(z) = z**3 + 17*z**2 - 15*z + 17. Determine o(-17).
272
Let s(z) = 47*z**2 - 82*z + 350. Give s(4).
774
Let i(f) = -f**3 - 19*f**2 + 2*f + 48. Determine i(-19).
10
Let a(x) = -555*x - 3712. Calculate a(-6).
-382
Let x(w) = -621*w + 2. Determine x(0).
2
Let t(a) = 2*a**2 + 170*a + 1092. Determine t(-78).
0
Let j(d) = -d**2 - 69*d + 620. Calculate j(8).
4
Let k(u) = -13*u - 372. What is k(-30)?
18
Let y(u) = -u**3 + 6*u**2 - 5. Calculate y(6).
-5
Let m(r) = 6*r**3 - 20*r**2 + 66*r + 15. Calculate m(5).
595
Let d(m) = 82*m + 159. Calculate d(-4).
-169
Let k(c) = 2*c**2 + 47*c - 1470. What is k(-41)?
-35
Let d(q) = -q**3 + 126*q**2 - 369*q + 37. Determine d(123).
37
Let c(y) = -6*y**2 - 9*y - 10. Calculate c(-7).
-241
Let g(m) = -m**2 - 57*m - 353. What is g(-7)?
-3
Let i(h) = -h**2 - 231*h + 1671. Calculate i(7).
5
Let t(u) = -u**3 + 26*u**2 - 48*u + 80. Calculate t(25).
-495
Let o(b) = -5*b**2 - 24*b - 93. Calculate o(-6).
-129
Let d(f) = 31*f + 63. Give d(-2).
1
Let o(a) = a**2 + 22*a + 96. Determine o(-11).
-25
Let p(x) = -6*x**2 + 93*x - 310. Calculate p(9).
41
Let f(v) = -8*v**2 + 1511*v - 2790. Give f(187).
15
Let w(y) = -1091*y + 73101. Give w(67).
4
Let b(x) = -x**2 - 17*x + 24. Calculate b(-19).
-14
Let g(o) = o**2 - 304*o - 315. Determine g(-1).
-10
Let h(o) = -o**2 - 24*o + 35. Give h(1).
10
Let n(k) = -2*k**3 - 47*k**2 - 20*k + 52. Determine n(-23).
-17
Let a(g) = -10*g + 81. Calculate a(-20).
281
Let w(s) = s**3 - 11*s**2 + 9*s + 52. What is w(6)?
-74
Let q(w) = -w**3 - 213*w**2 - 215*w - 650. Give q(-212).
-14
Let z(t) = -11*t**2 - 82*t - 84. What is z(-6)?
12
Let l(f) = -104*f - 346. What is l(-3)?
-34
Let w(b) = -26*b + 339. Determine w(11).
53
Let x(k) = -k**3 - 21*k**2 - 21*k - 316. Determine x(-21).
125
Let o(p) = 12*p - 25. Determine o(4).
23
Let p(n) = n**2 - 17*n + 131. Give p(9).
59
Let m(x) = x**3 + 22*x**2 - 19*x - 55. What is m(-22)?
363
Let j(m) = -2771*m + 22170. Give j(8).
2
Let p(s) = 6*s - 17. Give p(7).
25
Let s(a) = -4*a**2 - 311*a - 3366. Calculate s(-13).
1
Let l(s) = 19*s**3 + 36*s**2 + 36*s + 78. Determine l(-2).
-2
Let a(m) = 2*m**2 - 1607*m + 9620. What is a(6)?
50
Let l(r) = -5*r**2 - 8*r - 11. Determine l(-2).
-15
Let s(h) = -h**3 + 79*h**2 - 233*h + 397. Determine s(76).
17
Let l(k) = -14*k + 938. Calculate l(72).
-70
Let c(b) = 421*b - 50096. Determine c(119).
3
Let v(s) = s**3 + 19*s**2 + 67*s + 24. What is v(-4)?
-4
Let s(u) = -2*u**2 + 78*u + 103. Determine s(0).
103
Let a(g) = 181*g + 2048. What is a(-11)?
57
Let g(d) = d**3 - 267*d**2 + 4945*d - 1226. What is g(247)?
9
Let x(q) = 3*q + 145. Determine x(-37).
34
Let b(u) = u**3 + 7*u**2 - 3*u + 9. Give b(-3).
54
Let p(m) = 2*m**2 - 72*m + 162. What is p(36)?
162
Let g(t) = t**3 + 17*t**2 - t + 25. Give g(-17).
42
Let d(a) = -201*a - 603. Determine d(-3).
0
Let d(g) = -g**2 - 7*g - 10. Give d(-4).
2
Let a(c) = 367*c - 45. Give a(0).
-45
Let u(f) = f**3 + 7*f**2 - 26*f + 4. Give u(-8).
148
Let k(w) = -w**3 - 10*w**2 - 32*w - 217. Give k(-5).
-182
Let c(f) = -3*f**3 + 35*f**2 + 13*f - 8. Calculate c(12).
4
Let o(g) = 19*g**2 + 107*g - 11. Calculate o(-5).
-71
Let u(w) = -3*w**2 + 53*w + 13. What is u(18)?
-5
Let a(o) = o**3 + 29*o**2 + 240*o + 935. Calculate a(-19).
-15
Let x(l) = -l**2 - 68*l + 536. Give x(-75).
11
Let k(g) = 2*g**2 + 4*g - 9. Calculate k(4).
39
Let s(x) = 7*x**2 - 52*x - 73. Determine s(9).
26
Let t(a) = -3*a**2 + 962*a - 2849. What is t(3)?
10
Let z(w) = -w**3 + 61*w**2 - 74*w + 427. Give z(60).
-413
Let h(z) = -7*z**3 - 203*z**2 - 10. Give h(-29).
-10
Let b(a) = -3*a**2 + 11*a + 63. Give b(-3).
3
Let u(v) = 12*v**2 - 65*v - 135. Determine u(-2).
43
Let p(h) = -2*h**3 - 62*h**2 - 67*h - 12. Calculate p(-30).
198
Let h(v) = -v + 142. Determine h(-27).
169
Let b(u) = 461*u - 19. What is b(0)?
-19
Let y(k) = -k**3 - 31*k**2 + 34*k + 90. Calculate y(-32).
26
Let f(s) = 111*s - 2900. Give f(26).
-14
Let o(z) = 1932*z + 9. Determine o(0).
9
Let d(x) = x**2 + 1890*x + 9441. Give d(-5).
16
Let j(a) = -10*a - 28. Calculate j(9).
-118
Let y(j) = j**2 + 844*j - 2538. Determine y(3).
3
Let m(q) = 2*q**2 + 56*q + 393. Determine m(-15).
3
Let n(m) = 27*m + 1520. Give n(-58).
-46
Let q(c) = -184*c - 2135. Calculate q(-12).
73
Let d(r) = r**3 - 72*r**2 + 270*r + 137. Give d(68).
1
Let c(w) = -5*w**2 - 3*w + 19. What is c(-7)?
-205
Let p(t) = -t**2 - 17*t - 67. Calculate p(-12).
-7
Let b(f) = -f**2 - 26*f + 978. Calculate b(-47).
-9
Let u(o) = 11*o**2 - 164*o + 133. Determine u(14).
-7
Let f(m) = 158*m + 780. What is f(-5)?
-10
Let a(f) = -91*f + 286. Calculate a(4).
-78
Let m(t) = -4130*t + 57797. Determine m(14).
-23
Let q(o) = -3*o**2 + 137*o + 193. Calculate q(47).
5
Let f(k) = -21*k - 184. What is f(-11)?
47
Let p(j) = 107*j**2 - 4279*j - 87. Calculate p(40).
-47
Let b(i) = -2*i**2 - 17*i - 114. What is b(0)?
-114
Let x(m) = -2237*m - 13420. Determine x(-6).
2
Let c(b) = -b**3 + 14*b**2 + 2*b + 199. Give c(15).
4
Let p(l) = 3*l**3 - 10*l**2 - 30*l + 85. Determine p(4).
-3
Let j(h) = -h**2 + 201*h - 1356. Calculate j(7).
2
Let u(x) = 3*x**2 + 1443*x - 10248. Determine u(7).
0
Let x(v) = -165*v + 135. Determine x(0).
135
Let s(k) = -3*k**2 - 216*k - 7. Calculate s(-72).
-7
Let s(p) = -p**2 - 103*p + 5151. Calculate s(37).
-29
Let o(a) = a**3 - 2*a**2 - 59*a + 93. Determine o(8).
5
Let m(x) = 45*x - 23. Calculate m(-4).
-203
Let r(x) = 18*x**3 - 20*x**2 - 4*x + 1. Give r(2).
57
Let y(n) = -n**2 - 3*n + 63. What is y(-9)?
9
Let n(s) = 4*s**2 - 333*s + 3816. Calculate n(12).
396
Let s(x) = -x**3 + 38*x**2 + 80*x + 6. Calculate s(40).
6
Let w(l) = 27*l**2 - 238*l - 33. Calculate w(9).
12
Let q(p) = p**3 + 11*p**2 + 30*p + 25. Calculate q(-5).
25
Let k(v) = 37*v - 48. Determine k(2).
26
Let l(k) = 1494*k + 10447. What is l(-7)?
-11
Let r(c) = c**2 + 136*c + 1597. Calculate r(-13).
-2
Let u(k) = -207*k**3 + k**2 + 3*k + 2. Determine u(-1).
207
Let m(k) = k**3 + 4*k**2 - 19*k - 52. Calculate m(-6).
-10
Let k(y) = -261*y + 15917. Determine k(61).
-4
Let q(z) = 11*z + 121. What is q(-15)?
-44
Let v(x) = 97*x - 2. Determine v(-1).
-99
Let z(c) = -22*c + 63. What is z(6)?
-69
Let r(x) = x**3 - 2*x**2 + 287*x - 6. Give r(0).
-6
Let j(i) = -5*i - 76. Determine j(-20).
24
Let i(l) = -2*l**2 + 28*l - 53. Determine i(11).
13
Let m(u) = -54409*u + 163236. What is m(3)?
9
Let i(v) = -164*v - 1621. What is i(-9)?
-145
Let k(z) = -z**3 - 37*z**2 + 472*z - 13. What is k(10)?
7
Let b(y) = 14*y - 613. Determine b(20).
-333
Let r(y) = -3*y**3 + y**2 + 104*y + 102. Calculate r(-1).
2
Let k(a) = 2*a**3 + 3*a**2 + 637*a - 1298. Give k(2).
4
Let c(w) = -5*w**3 + 17*w**2 + 9*w. Determine c(4).
-12
Let w(y) = 2*y**3 + 19*y**2 + 20*y + 15. What is w(-7)?
120
Let i(b) = -109*b**2 + 33*b + 58. Determine i(-2).
-444
Let y(o) = -39*o + 351. Determine y(9).
0
Let d(y) = -121*y - 2593. What is d(-28)?
795
Let s(w) = -w**3 + 4*w**2 - 11*w - 7. Calculate s(8).
-351
Let w(b) = -2*b**2 - 215*b - 4300. What is w(-81)?
-7
Let i(z) = -2*z**3 + 93*z**2 + 50*z - 185. Calculate i(47).
-44
Let x(i) = i**3 + 6*i**2 + 4*i + 28. Calculate x(-7).
-49
Let p(w) = 101*w**2 - 720*w + 82. Give p(7).
-9
Let l(o) = -7*o**2 - 142*o - 94. Give l(-9).
617
Let s(j) = -2*j**3 - 94*j**2 - 679*j + 177. Calculate s(-38).
-13
Let c(f) = -f**3 - 95*f**2 - 1188*f + 969. What is c(-80)?
9
Let l(u) = 15*u**2 - 31*u - 31. What is l(-1)?
15
Let y(m) = 2*m**2 + 15*m - 98. Calculate y(-13).
45
Let i(b) = -b**3 - 41*b**2 - 78*b + 36. What is i(-39)?
36
Let o(y) = y**3 - 9*y**2 - 199*y + 1093. Determine o(5).
-2
Let f(s) = -2*s**3 - 14*s**2 - 32*s - 127. Determine f(-6).
-7
Let t(q) = -q**2 + 62*q - 866. Calculate t(21).
-5
Let p(c) = -774*c - 3741. Calculate p(-5).
129
Let s(y) = 81*y - 593. What is s(8)?
55
Let x(g) = -g**3 + 32*g**2 + 94*g + 64. What is x(35)?
-321
Let b(c) = -39*c + 85. What is b(5)?
-110
Let t(s) = 325*s - 917. Determine t(3).
58
Le